?
9
What is the hundred millions digit of 684442173?
6
What is the ten millions digit of 81764959?
8
What is the ten thousands digit of 450737306?
3
What is the ten thousands digit of 1795356792?
5
What is the hundreds digit of 170110852?
8
What is the hundred thousands digit of 7808821?
8
What is the tens digit of 2752060902?
0
What is the hundred millions digit of 656692144?
6
What is the millions digit of 132621404?
2
What is the millions digit of 40736270?
0
What is the units digit of 907268346?
6
What is the units digit of 2374998?
8
What is the hundreds digit of 852846455?
4
What is the hundreds digit of 58074646?
6
What is the ten thousands digit of 510419674?
1
What is the thousands digit of 53810580?
0
What is the tens digit of 360400290?
9
What is the millions digit of 48379383?
8
What is the hundred thousands digit of 1844831048?
8
What is the ten thousands digit of 5455536110?
3
What is the hundred thousands digit of 1007366524?
3
What is the hundred thousands digit of 2354508847?
5
What is the units digit of 512334088?
8
What is the hundreds digit of 445060762?
7
What is the thousands digit of 5173961072?
1
What is the hundreds digit of 124834804?
8
What is the ten millions digit of 111033730?
1
What is the ten millions digit of 1060354280?
6
What is the tens digit of 44814921?
2
What is the billions digit of 6148145170?
6
What is the hundred thousands digit of 28121166?
1
What is the tens digit of 36858632?
3
What is the thousands digit of 2572734107?
4
What is the ten thousands digit of 64611256?
1
What is the thousands digit of 103516954?
6
What is the hundreds digit of 128663751?
7
What is the hundreds digit of 234099440?
4
What is the tens digit of 172687993?
9
What is the ten millions digit of 478874416?
7
What is the millions digit of 82995133?
2
What is the tens digit of 2356114915?
1
What is the hundred thousands digit of 475650579?
6
What is the millions digit of 385577357?
5
What is the thousands digit of 65858674?
8
What is the hundreds digit of 63637448?
4
What is the thousands digit of 105404440?
4
What is the hundreds digit of 1825240126?
1
What is the billions digit of 4678198325?
4
What is the hundred thousands digit of 193391537?
3
What is the units digit of 713350796?
6
What is the millions digit of 610150935?
0
What is the hundred thousands digit of 3171176527?
1
What is the ten thousands digit of 256410081?
1
What is the millions digit of 100217480?
0
What is the thousands digit of 22347052?
7
What is the ten thousands digit of 1598947823?
4
What is the thousands digit of 144416752?
6
What is the ten millions digit of 142175161?
4
What is the millions digit of 121840224?
1
What is the millions digit of 8689885745?
9
What is the hundred thousands digit of 82449340?
4
What is the hundred millions digit of 555238744?
5
What is the tens digit of 265061562?
6
What is the billions digit of 3458154447?
3
What is the ten thousands digit of 79810627?
1
What is the tens digit of 36779084?
8
What is the units digit of 175051087?
7
What is the units digit of 94613358?
8
What is the hundreds digit of 926737758?
7
What is the millions digit of 1813894985?
3
What is the thousands digit of 3120693130?
3
What is the thousands digit of 2480045432?
5
What is the ten millions digit of 1373781598?
7
What is the tens digit of 5398553456?
5
What is the tens digit of 30248086?
8
What is the millions digit of 463168116?
3
What is the millions digit of 1059038560?
9
What is the thousands digit of 207779363?
9
What is the ten thousands digit of 977844731?
4
What is the ten millions digit of 560470450?
6
What is the ten thousands digit of 52499006?
9
What is the thousands digit of 126850137?
0
What is the thousands digit of 169036256?
6
What is the hundred thousands digit of 18045252?
0
What is the thousands digit of 620927223?
7
What is the ten thousands digit of 12750673?
5
What is the millions digit of 640539503?
0
What is the units digit of 3033212542?
2
What is the tens digit of 7083372427?
2
What is the hundred thousands digit of 14199920?
1
What is the ten thousands digit of 151065592?
6
What is the hundred thousands digit of 142041329?
0
What is the hundreds digit of 7176904?
9
What is the ten thousands digit of 3965814640?
1
What is the tens digit of 9047168?
6
What is the hundreds digit of 2315355006?
0
What is the tens digit of 939431901?
0
What is the tens digit of 2375843033?
3
What is the tens digit of 3458435112?
1
What is the ten thousands digit of 20608179?
0
What is the hundred thousands digit of 116525869?
5
What is the ten millions digit of 335635690?
3
What is the ten millions digit of 383164576?
8
What is the hundred thousands digit of 9715812?
7
What is the millions digit of 1076941538?
6
What is the units digit of 12089149?
9
What is the ten millions digit of 101992785?
0
What is the ten millions digit of 3537232707?
3
What is the millions digit of 233031474?
3
What is the thousands digit of 212095708?
5
What is the ten millions digit of 5458725322?
5
What is the units digit of 6178108905?
5
What is the units digit of 1674023588?
8
What is the units digit of 3805941754?
4
What is the hundred thousands digit of 45774591?
7
What is the hundreds digit of 43439210?
2
What is the tens digit of 542277895?
9
What is the hundreds digit of 46492268?
2
What is the hundred thousands digit of 3641505781?
5
What is the millions digit of 654585351?
4
What is the hundred millions digit of 147465429?
1
What is the ten millions digit of 40453605?
4
What is the hundred millions digit of 306142191?
3
What is the thousands digit of 1037565054?
5
What is the thousands digit of 1980318224?
8
What is the millions digit of 335434110?
5
What is the tens digit of 35562141?
4
What is the tens digit of 41707837?
3
What is the hundreds digit of 24996834?
8
What is the units digit of 840643755?
5
What is the thousands digit of 24748985?
8
What is the ten thousands digit of 49116247?
1
What is the millions digit of 65871653?
5
What is the hundred thousands digit of 16429523?
4
What is the hundreds digit of 187961380?
3
What is the hundred millions digit of 289588824?
2
What is the ten millions digit of 67690355?
6
What is the hundreds digit of 41012452?
4
What is the hundred thousands digit of 1385308850?
3
What is the millions digit of 639228652?
9
What is the hundreds digit of 2847478034?
0
What is the hundreds digit of 11508502?
5
What is the tens digit of 190127482?
8
What is the ten thousands digit of 7043730?
4
What is the hundred thousands digit of 59628981?
6
What is the ten thousands digit of 99919669?
1
What is the units digit of 197775564?
4
What is the billions digit of 1163833578?
1
What is the hundreds digit of 23296367?
3
What is the billions digit of 1486613083?
1
What is the tens digit of 4670238?
3
What is the millions digit of 86356660?
6
What is the hundred millions digit of 3003082960?
0
What is the thousands digit of 2952646977?
6
What is the ten thousands digit of 282004606?
0
What is the thousands digit of 1440118901?
8
What is the units digit of 4655888182?
2
What is the thousands digit of 20289525?
9
What is the tens digit of 4829392?
9
What is the tens digit of 267017700?
0
What is the hundreds digit of 658328928?
9
What is the hundred thousands digit of 7569487?
5
What is the millions digit of 13125837?
3
What is the billions digit of 3514142764?
3
What is the hundreds digit of 2001634923?
9
What is the thousands digit of 204772696?
2
What is the hundreds digit of 3090866745?
7
What is the ten millions digit of 115348506?
1
What is the tens digit of 3939409062?
6
What is the units digit of 376452744?
4
What is the millions digit of 625828423?
5
What is the tens digit of 333272345?
4
What is the ten millions digit of 797025200?
9
What is the thousands digit of 735737286?
7
What is the hundred thousands digit of 73245761?
2
What is the tens digit of 5735262600?
0
What is the ten millions digit of 32419604?
3
What is the ten thousands digit of 78509954?
0
What is the units digit of 18407971?
1
What is the thousands digit of 2058650320?
0
What is the ten thousands digit of 303442058?
4
What is the hundred thousands digit of 148509267?
5
What is the ten millions digit of 75660521?
7
What is the units digit of 2254010